pose r*k - l - 14166 = 0, k - 2*l = 3491 - 656. Is k composite?
False
Let n(g) = -4*g**3 + g**2 + g - 2. Let r be n(-2). Let b = r - 35. Is (4/b)/((-4)/138) composite?
True
Let t(v) = 8 - 5 - 376*v - 9 - 7. Is t(-15) a composite number?
True
Let s(w) = w**2 - 6*w + 11. Let g be s(5). Let t be (-2)/(-4) - (-4)/(-8). Suppose -p - 2*u = -157, t = -p + g*p - 5*u - 815. Is p a composite number?
True
Let o be 3276*(2 + 3) + -1 + -2. Let f = o - 10118. Is f composite?
True
Let o(t) = -2*t - 4. Let c be o(6). Let r be ((-3629)/(-764))/((-2)/(-40)). Let h = r + c. Is h prime?
True
Suppose 0 = 2*p - 89*n + 92*n - 731105, 3*p - 4*n - 1096683 = 0. Is p composite?
False
Suppose -4*n - 2*o + 6992 = 0, 3*o = 3*n + o - 5230. Let h = n - 35. Is h prime?
False
Suppose 7*k = 5*k + 62. Is (-3862)/4*(k + -33) composite?
False
Let d(a) = -2*a**2 - 9 - 68*a**3 + 126*a**3 - 15*a + 11*a**2 - 60*a**3. Is d(-8) a composite number?
True
Let a(s) = s**3 + 4*s**2 - 9*s + 13. Let b be a(-5). Is -1 + 3 + -2 - (-727683)/b a composite number?
False
Let l(f) be the third derivative of 31*f**5/60 - f**4/12 + 2*f**3/3 + 19*f**2. Let j be l(-3). Suppose p = h - 142, 2*h + 3*p - j = -0*p. Is h a prime number?
False
Suppose 94*c - 357320 = -5*b + 89*c, b = -2*c + 71469. Is b a composite number?
True
Let j be 3 - (7/21 - 52/3). Let m = 57 + j. Is m a composite number?
True
Suppose 52 + 90 = o. Suppose 130*p - o*p = -79644. Is p a prime number?
True
Suppose 2*i + 2*i - 4 = 0, 3*t + 5*i = -19. Is 1201/(-2)*(t - -6) a composite number?
False
Let z be -26 + -2 + 4/1. Let s = 14 + z. Is (s/2 - -1)*(-2852)/16 a composite number?
True
Let r be -3 + ((-6)/(-9))/1*3. Let z be (-14 + r)/((-22)/(-12232)). Let b = -2225 - z. Is b prime?
False
Let m(a) = -24*a**2 + 32*a + 1. Let c(f) = f**2 + 4*f - 1. Let y(u) = 5*c(u) - m(u). Is y(-7) a prime number?
True
Suppose 7*p - 11*p - 25472 = 0. Let k = p - -9769. Is k a prime number?
False
Let u be 1244210*(-9)/207 - (-2)/23. Is (u/4 - -7)*-1 composite?
True
Let p(k) = k**2 - 3*k - 5. Let h be p(5). Suppose -20 = -5*m - 5*l, 4*m + h*l - 22 = 3*l. Suppose -535 = -m*n + 2188. Is n a composite number?
False
Let p be (9408 + -2 + -5)*(-2)/(-2). Suppose 5*a - 911 + p = w, -16945 = -2*w + 3*a. Is w composite?
True
Let p = 8043 - 8038. Let j(g) be the third derivative of 3*g**5/20 - g**4/2 - g**3/3 + g**2. Is j(p) prime?
True
Suppose -107746 = 4*c + 2*l, -8*l + 5*l = 2*c + 53871. Let q = -15494 - c. Is q a prime number?
True
Suppose h = -2*h + 2*q + 22, 2*q = -h + 18. Let b(m) = -h*m + 6*m**3 - 8*m - 19*m - 15*m**2 - 11 - 5*m**3. Is b(18) a composite number?
True
Let c(j) = 827*j**2 + 60*j + 263. Is c(-20) prime?
True
Suppose -7*o + 4*o + 18 = 0. Is 55276/78 - (0 - 2/o) prime?
True
Suppose -3*n + 242 = -64. Let z(u) = -504*u - 11 + n*u + 58. Is z(-6) composite?
False
Let y = -1595 + -569. Let i = y + 3623. Is i composite?
False
Suppose -5*t - 3*l + 88 = 0, 30 + 52 = 5*t - 3*l. Suppose -4*b = -k + 3697, -t*b - 18485 = -5*k - 20*b. Is k prime?
True
Let c = 115 - 2093. Let v = -1061 - c. Is v prime?
False
Suppose 31*v - 150 = 25*v. Suppose -q = -4*f - 1789, -27*q + v*q + 3587 = -5*f. Is q prime?
True
Let d be 2/14 - (-3834)/63. Suppose d*i - 53*i = 166312. Is i composite?
False
Let u(n) = 226*n + 1. Let z(p) = -p**3 + 7*p**2 + 10*p - 10. Let f be z(8). Let v = -3 + f. Is u(v) a composite number?
True
Suppose -3*i + 5*x + 160 = -0*x, i - 40 = -5*x. Suppose 0 = 15*c - 56 - 49. Let f = i - c. Is f prime?
True
Suppose 5*x + 32*x - 20400763 = -6208414. Is x a prime number?
False
Let s(q) = -2*q**3 - 3 - 9*q**2 - 12 + 3*q**3. Suppose 776 = -7*m + 846. Is s(m) composite?
True
Let x = 2848 - 1133. Let r = 2460 - x. Suppose -3*c = -4*c + r. Is c a prime number?
False
Suppose l - 20 = -5*x, 2*l + 5*x - 6*x - 7 = 0. Suppose -4*d + 35 = -l*j, d = 2*j + 3 + 8. Suppose 3*k = f - 28, 0*f + 26 = f - d*k. Is f composite?
False
Let l(c) = -6*c - 10. Let t be l(-2). Suppose 0 = -t*v + v + 20. Suppose -2*u + 3710 = 3*u - 3*q, 0 = -4*q - v. Is u composite?
False
Suppose -2*p = -8*p + 72. Is (-44)/p + (-2)/6 + 101 a prime number?
True
Let x = 12828 - 4780. Let k = x + -5305. Is k a prime number?
False
Let l(o) = 1637*o**2 + 5*o - 47. Suppose t + 5 = g - 2, -g = t - 1. Is l(g) a composite number?
True
Is (-3 - -396100) + ((-24)/(-10))/(21/(-70)) a composite number?
True
Let w be 8130*(5/(-10) - 39/(-18)). Suppose -r + 2*t + w = r, t = 3*r - 20333. Is r a prime number?
True
Suppose 3*n - 12 = -2*h, -5*n = 3*h - 0*n - 20. Suppose 5*w + 2*y - 46641 = h, -4*w + 5*y + 18639 = -2*w. Is w a composite number?
True
Suppose 0 = -4*v + 4*m + 24, -2*v = 3*v + 2*m - 16. Suppose -1220 = -v*u - 5*f + 40, 2*f - 8 = 0. Let o = 584 - u. Is o a composite number?
True
Let w be -2 + -4 + (-483928)/8. Let u = -41776 - w. Is u composite?
True
Let p be (-5)/(-10) - 51/(-6). Suppose 3*w + p = 6*w + 3*h, -3*h = 5*w - 21. Suppose -w*k = -4*k - 3862. Is k prime?
True
Let j = -112 + 114. Let u(c) = -25 + 5*c**j + 9 + 5 - 40*c. Is u(14) a prime number?
True
Suppose 61*p = 164736 + 1988015. Is p a prime number?
True
Let t(v) = 14*v**2 + 3*v - 2. Let p be t(2). Suppose -13379 + p = -19*d. Is d composite?
False
Let k be (2/(-3))/(-5*(-6)/(-135)). Suppose -2501 = -k*b - 4*i + 1288, -b = -2*i - 1253. Is b a composite number?
False
Let w(r) = -57*r**2 - 5*r + 50. Let d be w(-8). Let v = d + 6667. Is v a prime number?
True
Let o = 5552 + -3219. Is o prime?
True
Let w be (14 + -15)/(1/(-2)). Let c be (w + -5)/(3/(-696)). Let l = -143 + c. Is l a prime number?
False
Let x(d) = 4*d**3 + 12*d**2 - 11*d - 7. Let h(b) = 5*b**3 + 12*b**2 - 11*b - 7. Let j(a) = 3*h(a) - 4*x(a). Let m = -311 + 296. Is j(m) a prime number?
False
Let w be 80/6*9/6. Let o be 1*1/(-2)*w. Is 551 + 3/((-15)/o) composite?
True
Let m = 338 - -960. Suppose 2*w - n = -1309 - 264, 2*w = 2*n - 1568. Let l = w + m. Is l prime?
True
Let z(n) = 9096*n**2 - 1846*n - 41. Is z(12) composite?
True
Let w(q) = 7*q**3 + 10*q**2 - 19*q + 13. Let h be w(-10). Let j be h/(-2) - (-2)/(-12)*3. Let u = j - 1645. Is u a prime number?
False
Let k(x) = -3*x - 19. Let w be k(-15). Let l be (-2)/13 - 256/w - -1. Is l/(-4)*10/(-15)*-158 a prime number?
False
Let b be (-7)/(-14) + (5/2 - 2). Is -1151*(-2 + -1)*b prime?
False
Is (387/86)/((-9)/(-82666)) a prime number?
True
Let s(a) = 151*a**2 + 17*a + 3. Suppose -4*o = z + 15, -38*o = -37*o + 2. Is s(z) a prime number?
True
Let i = -93 - -97. Suppose 0 = i*o - 3*o - 3817. Is o prime?
False
Suppose 3*q + 21177 = v + 97710, -q + 4*v = -25500. Suppose -7*y + q = 6885. Is y a composite number?
True
Let n(p) = -13*p**3 + 7*p**2 + 24*p + 87. Is n(-16) composite?
True
Let g be ((-8)/10)/((-16)/(-40)) + 5. Suppose 4*x - 20 = 2*o, -g*x + o = 2*x - 22. Is 1/(x/4722) - 1/(-2) composite?
False
Suppose 3*s = 2754 + 2853. Let b be -1*(2 + 16)/(-6). Suppose -s = b*c - 6*c. Is c a prime number?
False
Let i(o) = 87*o - 16 - 45*o + o**2 - 48*o. Let s be i(-2). Is 1 - s - (-6 - -138)/(-2) composite?
False
Let f(c) = -154*c**2 - 7*c + 10. Let v(s) = 154*s**2 + 7*s - 10. Let q(y) = -3*f(y) - 2*v(y). Let r = 3 + 0. Is q(r) composite?
True
Let a = 142 - 118. Let r(n) = -n**3 + 29*n**2 - 38*n + 49. Is r(a) composite?
False
Let j(t) = 2*t + 12*t**2 - t**2 + 106 - 88 + 0*t. Is j(-3) a prime number?
False
Let g = -4966 + 1255. Let j be 450*4 - (-1 - -3). Let b = j - g. Is b a composite number?
True
Suppose 0 = -4*t + 3*i + 118009, -6*t + 10*t - i - 118011 = 0. Is t a prime number?
False
Suppose 4*x = 8601 + 7211. Is (-12)/(-30)*-10 + x a prime number?
False
Let c(y) be the second derivative of 101*y**4/12 + 37*y**3/6 - 29*y**2/2 - 68*y. Is c(15) a composite number?
False
Suppose -4*a + 564942 + 429427 = 3*m, -5*m + 1657251 = -a. Is m a prime number?
True
Is (-298559)/(14 - (-225)/(-15)) composite?
False
Let h(w) = -w**2 + 25*w - 28. Let a be h(15). Suppose 336 = p - a. Let u = p - -629. Is u prime?
True
Let n be (-4 - 6)*25/(-2). Suppose -5*b - 705 = -n. Let h = b + 183. Is h prime?
True
Let c(g) = 35*g - 265. Let w be c(7). Is 960 + 0 + w/4*1 composite?
True
Suppose -s + 6 = -2*r + 4, -6 = -2*r + 3*s. Is (-3)/2*(3 + 2191/r) a composite number?
False
Suppose -5*f - 5*i - 50 = 0, -5*f + i + 3*i = 32. Let n(m) = -m**3 - 8*m**2 + m + 9. Let o be n(f). Is (